 46?
True
Is 8 a factor of 77616?
True
Is 150851 a multiple of 16?
False
Is 159917 a multiple of 6?
False
Does 46 divide 242696?
True
Does 42 divide 1050462?
True
Does 147 divide 694281?
True
Is 24 a factor of 337332?
False
Does 42 divide 10072779?
False
Is 13011497 a multiple of 414?
False
Is 207090 a multiple of 117?
True
Is 9221 a multiple of 40?
False
Is 16 a factor of 244128?
True
Is 1214339 a multiple of 14?
False
Is 1115142 a multiple of 42?
True
Does 1297 divide 1912669?
False
Is 22866 a multiple of 37?
True
Is 344778 a multiple of 21?
True
Is 77751 a multiple of 3?
True
Is 670 a factor of 2622380?
True
Is 66311 a multiple of 32?
False
Does 41 divide 764117?
True
Does 35 divide 46511?
False
Is 11293848 a multiple of 154?
False
Does 133 divide 2718702?
False
Does 12 divide 999480?
True
Does 185 divide 3615825?
True
Does 26 divide 554476?
True
Does 4 divide 160144?
True
Is 669949 a multiple of 197?
False
Is 2332691 a multiple of 683?
False
Is 4820 a multiple of 4?
True
Is 13 a factor of 1163851?
True
Does 32 divide 3265376?
True
Is 134485 a multiple of 35?
False
Is 5887869 a multiple of 103?
False
Does 87 divide 2444874?
True
Is 593602 a multiple of 14?
False
Does 22 divide 63037?
False
Does 468 divide 7074132?
False
Is 256488 a multiple of 24?
True
Is 413490 a multiple of 66?
True
Is 6192405 a multiple of 1737?
True
Does 95 divide 4203973?
False
Is 74520 a multiple of 20?
True
Is 127 a factor of 3477657?
False
Is 622076 a multiple of 194?
False
Is 176 a factor of 507408?
True
Is 3073253 a multiple of 12?
False
Is 3340358 a multiple of 397?
True
Is 5 a factor of 3025308?
False
Is 69 a factor of 4674543?
True
Is 24 a factor of 628499?
False
Is 15 a factor of 5616667?
False
Is 808992 a multiple of 318?
True
Is 6 a factor of 60850?
False
Does 4 divide 350612?
True
Is 13 a factor of 11122181?
False
Is 972801 a multiple of 22?
False
Is 649589 a multiple of 450?
False
Is 6361752 a multiple of 278?
True
Does 282 divide 987215?
False
Is 3 a factor of 4269547?
False
Is 705 a factor of 326151?
False
Is 155162 a multiple of 2?
True
Does 215 divide 159745?
True
Is 140302 a multiple of 164?
False
Is 3419733 a multiple of 26?
False
Does 29 divide 542796?
False
Does 21 divide 45066?
True
Does 23 divide 8933294?
False
Does 70 divide 2651197?
False
Is 136 a factor of 10535274?
False
Does 224 divide 5624416?
True
Does 23 divide 21850?
True
Does 816 divide 15600697?
False
Is 41 a factor of 27659?
False
Is 96 a factor of 170400?
True
Is 261992 a multiple of 8?
True
Is 3012108 a multiple of 19?
True
Is 166430 a multiple of 85?
True
Is 27 a factor of 18809615?
False
Is 379629 a multiple of 86?
False
Does 124 divide 191704?
True
Is 34986 a multiple of 3?
True
Does 39 divide 2077829?
False
Is 9 a factor of 167949?
True
Is 86911 a multiple of 14?
False
Is 1141 a factor of 3264325?
False
Is 1928603 a multiple of 119?
False
Does 296 divide 8557460?
False
Does 64 divide 185082?
False
Is 770 a factor of 4628470?
True
Is 5906088 a multiple of 74?
True
Is 47 a factor of 44556?
True
Is 4116880 a multiple of 20?
True
Does 54 divide 289785?
False
Is 4 a factor of 147688?
True
Is 7 a factor of 86051?
True
Is 654086 a multiple of 74?
True
Is 35 a factor of 108860?
False
Does 19 divide 98632?
False
Is 16 a factor of 94608?
True
Is 7 a factor of 5073089?
True
Is 87 a factor of 3797985?
True
Is 18933 a multiple of 16?
False
Is 6048269 a multiple of 1481?
False
Is 53 a factor of 2342282?
True
Is 4556804 a multiple of 95?
False
Is 1739116 a multiple of 44?
False
Is 18108 a multiple of 24?
False
Does 8 divide 127802?
False
Is 285483 a multiple of 451?
True
Is 80497 a multiple of 797?
True
Is 5618810 a multiple of 6?
False
Is 60 a factor of 757500?
True
Does 289 divide 635800?
True
Is 7 a factor of 2130158?
False
Is 8221692 a multiple of 762?
False
Is 419292 a multiple of 754?
False
Is 44 a factor of 17820?
True
Is 50 a factor of 1072200?
True
Is 14 a factor of 632722?
False
Does 917 divide 6584577?
False
Is 734 a factor of 427188?
True
Does 8 divide 187240?
True
Is 5559142 a multiple of 38?
False
Does 3 divide 56178?
True
Is 43020 a multiple of 10?
True
Is 162198 a multiple of 18?
True
Is 388 a factor of 385936?
False
Is 1472047 a multiple of 3?
False
Does 26 divide 49998?
True
Is 276360 a multiple of 20?
True
Does 820 divide 1411456?
False
Does 16 divide 571242?
False
Is 96 a factor of 2207904?
True
Is 32 a factor of 722661?
False
Is 57 a factor of 57456?
True
Is 22 a factor of 369539?
False
Is 288273 a multiple of 9?
False
Is 204156 a multiple of 18?
True
Is 378994 a multiple of 17?
False
Is 62 a factor of 278746?
False
Does 72 divide 291764?
False
Does 54 divide 460728?
True
Is 22 a factor of 1569062?
True
Is 435 a factor of 1761283?
False
Is 408674 a multiple of 14?
True
Is 6262932 a multiple of 1482?
True
Is 18 a factor of 1905678?
True
Does 915 divide 5361900?
True
Does 19 divide 888345?
True
Is 200544 a multiple of 3?
True
Is 18 a factor of 150858?
True
Is 296 a factor of 874238?
False
Is 76 a factor of 2686686?
False
Does 41 divide 89379?
False
Does 245 divide 944244?
False
Does 12 divide 4487484?
True
Is 11 a factor of 119004?
False
Does 819 divide 15797657?
False
Is 584 a factor of 4279453?
False
Is 15100 a multiple of 100?
True
Is 753 a factor of 1701078?
False
Is 482734 a multiple of 7?
True
Does 72 divide 160344?
True
Is 30 a factor of 1444890?
True
Is 379 a factor of 1061958?
True
Does 100 divide 57678?
False
Is 24 a factor of 3693389?
False
Does 26 divide 110355?
False
Does 81 divide 884139?
False
Is 100016 a multiple of 56?
True
Is 1250050 a multiple of 51?
False
Is 13 a factor of 160893?
False
Does 25 divide 5334554?
False
Does 156 divide 150864?
False
Is 2741 a multiple of 13?
False
Is 545630 a multiple of 683?
False
Does 17 divide 450732?
False
Is 15 a factor of 1638840?
True
Is 287 a factor of 941360?
True
Is 1857290 a multiple of 5?
True
Does 24 divide 20590?
False
Is 3 a factor of 81072?
True
Is 103 a factor of 17785?
False
Does 312 divide 1029912?
True
Is 41 a factor of 138644?
False
Is 23 a factor of 678111?
False
Does 27 divide 2189241?
True
Is 27 a factor of 602694?
True
Does 30 divide 680790?
True
Does 13 divide 416533?
True
Is 12 a factor of 381626?
False
Is 9 a factor of 440001?
True
Is 6590430 a multiple of 227?
False
Is 508888 a multiple of 28?
False
Does 1696 divide 9807968?
True
Does 4 divide 70346?
False
Does 11 divide 304239?
False
Does 255 divide 113220?
True
Is 4368996 a multiple of 18?
True
Is 101 a factor of 105740?
False
Is 11550200 a multiple of 40?
True
Does 260 divide 1317372?
False
Is 23 a factor of 99923?
False
Does 8 divide 3642544?
True
Does 181 divide 219372?
True
Is 1702829 a multiple of 29?
False
Is 2952731 a multiple of 76?
False
Is 542249 a multiple of 56?
False
Does 32 divide 205728?
True
Does 12 divide 7522476?
True
Is 63 a factor of 94752?
True
Is 5668401 a multiple of 67?
True
Is 498 a factor of 292951?
False
Does 467 divide 1125136?
False
Is 826 a factor of 2973600?
True
Does 12 divide 27597?
False
Does 11 divide 1203961?
True
Is 102 a factor of 48151?
False
Is 7 a factor of 14328?
False
Is 81276 a multiple of 8?
False
Is 9 a factor of 28881?
True
Is 8481342 a multiple of 41?
True
Is 981002 a multiple of 91?
False
Is 1740816 a multiple of 21?
True
Is 6 a factor of 52330?
False
Does 92 divide 91671?
False
Is 28 a factor of 2683261?
False
Is 30 a factor of 23172834?
False
Does 27 divide 235454?
False
Is 45504 a multiple of 288?
True
Is 10669344 a multiple of 336?
True
Does 6 divide 135175?
False
Is 32 a factor of 1179450?
False
Is 530696 a multiple of 3?
False
Is 3177359 a multiple of 125?
False
Is 39 a factor of 915973?
False
Is 631800 a multiple of 468?
True
Is 289407 a multiple of 105?
False
Does 731 divide 224578?
False
Is 22 a factor of 281773?
False
Does 9 divide 44625?
False
Is 267 a factor of 120278?
False
Is 14 a factor of 1203874?
True
Does 17 divide 147084?
True
Is 297 a factor of 16229106?
False
Is 300 a factor of 5837400?
True
Is 213 a factor of 6632862?
False
Is 106 a factor of 7594264?
True
Is 339440 a multiple of 4?
True
Is 337954 a multiple of 4?
False
Is 1997371 a multiple of 15?
False
Is 5083650 a multiple of 390?
True
Is 1421271 a multiple of 19?
False
Does 6 divide 89470?
False
Is 333630 a multiple 